te?
False
Suppose -4*d + u + 579330 = -3*d, 2*d + 5*u - 1158667 = 0. Is d composite?
False
Let p(g) = 109*g**2 - 69*g - 117. Is p(17) composite?
False
Suppose 5*z - v - 21291 = 12890, -5*z + 3*v = -34173. Suppose a - 2*r - 7 = 0, 3*a + 35 = 8*a - 2*r. Suppose z = a*x - 4*x. Is x a prime number?
False
Suppose -2*w = w + 9. Let a(o) = o**3 + 4*o**2 + 2*o - 6. Let m be a(w). Is (0 - (1 - -392))*1/m a prime number?
True
Let x(k) = 4*k**2 - 73*k + 15. Let g be x(18). Let d(y) be the third derivative of -y**6/120 - y**4/24 - 5*y**3/6 + 6*y**2. Is d(g) prime?
False
Let o(m) = -1172*m - 1284*m + 2498*m + 77. Let d be (-1)/(-1) - -23 - 1. Is o(d) a prime number?
False
Let w(h) = h**2 - 18*h + 17. Let d be w(17). Suppose 7*f - 8607 - 14990 = d. Is f a prime number?
True
Let j be (4/(-10) - 0) + 8/20. Is (-4 - -5)*j - -2 - -3567 composite?
True
Suppose -t + z + 315997 = 0, 5*z = -3*t - 5*t + 2528054. Is t composite?
False
Let s(h) be the second derivative of -19*h - 115/3*h**3 - 51/2*h**2 + 0. Is s(-10) a composite number?
True
Let j = 527684 + -340702. Is j prime?
False
Is 973476/18 - 126/6 a prime number?
False
Let b = 132770 - 94813. Is b composite?
False
Let m = -77865 + 130666. Suppose 2*j = -5*f - j + m, 0 = -5*j + 10. Is f a composite number?
False
Suppose 0 = -q + w + 4*w + 6730, 5*w = 4*q - 26935. Suppose -34*k + q = -31*k. Is k prime?
False
Let f(y) = -664*y + 49. Let u be f(-6). Suppose s - u = 4*n, -7*s + 4*n + 20229 = -2*s. Is s a prime number?
True
Suppose -169*v + 27130 = -164*v. Suppose 8*h - v = 422. Is h composite?
True
Suppose 235 = 2*z + d - 695, -3*d = 12. Suppose -3*b + p + z = -0*b, 2*b = -p + 318. Is b composite?
False
Suppose 0*i - 3 = -3*b - 3*i, 4*i + 3 = 3*b. Suppose -1 = -n, 4*n - 5 = c - b. Suppose c = -3*l + l + 818. Is l prime?
True
Is (-394)/4*25134/(-213) composite?
True
Let s(c) = -1648*c - 1533. Is s(-29) a prime number?
False
Let f = 22261 - -217092. Is f prime?
False
Let w be 2/6*-4 - 1084/(-3). Let k be 0*(-1 - 1 - -1). Suppose -7*m + w + 949 = k. Is m composite?
True
Suppose -53*o = 4*o + 30*o - 3681057. Is o composite?
True
Suppose 4*x = -4*l + 79058 + 364254, 110824 = x + 5*l. Is x composite?
True
Is (2943357/9 - (-16)/(-48))/(12/18) a prime number?
True
Let b(n) = n**3 + 28*n**2 + 51*n + 41. Suppose -5*c = -5*r - 115, 4*c = -5*r - c - 105. Is b(r) a composite number?
False
Let l = 251 - 155. Is (-2)/4 - 8/(l/(-3690)) prime?
True
Let y = -1041 + 1974. Let k = y - -8. Is k a composite number?
False
Let b(u) = 274*u**2 - 49*u + 35. Let o = -410 + 398. Is b(o) a prime number?
False
Suppose 0 = 2*v - 14640 - 4714. Is v a composite number?
False
Suppose -5*y = -2*a - 38, -3*y - 5*a - 13 = -11. Let v(p) = 1966*p - 199. Is v(y) a composite number?
False
Let y = -27 - -34. Suppose -3*n - 1 = h, 4*h + n - y = 22. Is (778/4)/(h/16) prime?
True
Let q = 14112 - 5332. Suppose -6*b = -10*b + q. Suppose 5*i - o = 3669, -3*i + 0*i - o + b = 0. Is i a prime number?
True
Let l be (-2)/(4/6)*(-145 - -10). Let w = l + -63. Let s = -139 + w. Is s a prime number?
False
Let h(k) = -2. Let i(m) = -10*m + 19. Let l(g) = 5*h(g) - i(g). Is l(14) a composite number?
True
Suppose -3*z = 9, -2*x + 4*z - 15 = 1. Let p be (-7)/x + (-1)/2. Is 1/(p - 2 - 1926/(-962)) composite?
True
Let d = -1084790 + 2213641. Is d composite?
True
Let u(t) = 349*t - 1374. Let z be u(11). Suppose -1437 = -4*x + 4075. Let h = z - x. Is h a composite number?
False
Suppose -z - 12*r = -8*r - 829403, 2*r - 3317598 = -4*z. Is z a composite number?
False
Suppose 16*p - 187 + 155 = 0. Suppose -5*a = -5, p*o + 5*a = -3*o + 22110. Is o composite?
False
Let h = 80634 - 47444. Suppose -5*m = 4*r - 26552, 5*r + 7*m - h = 3*m. Is r a composite number?
True
Let g(w) = -w**3 - 11*w**2 + 70*w - 19. Let k be g(-16). Suppose k*x - 139*x - 12106 = 0. Is x a prime number?
True
Let m(x) = 33810*x - 368. Let y(a) = 460*a - 5. Let o(r) = 5*m(r) - 368*y(r). Let z be o(-2). Suppose -2*s - z = -12*s. Is s prime?
False
Suppose -52*m + 21*m + 352439 = 0. Is m a prime number?
True
Let w(t) = t**2 - 2. Let f = -37 - -38. Let h be w(f). Is (2822/(-249))/(4/66*h) a prime number?
False
Let c(v) = v**2 - 5*v - 10. Let g be c(7). Let d be -10*1/(-10)*g. Is 154/d - (-2)/4 a prime number?
False
Let h = 232070 + -79561. Is h a prime number?
False
Let x(z) = -37*z - 45 + z**3 - 17*z**2 + 34 - 21*z - 21 - 25. Is x(25) a composite number?
True
Let y(f) = 9993*f + 5572. Is y(9) prime?
False
Let a = 76129 + -49820. Is a a prime number?
True
Is (4/26 + 1798/(-1209))*(-123759)/12 composite?
False
Suppose -101*j + 363553 - 284262 = -1035547. Is j a prime number?
False
Let b = -1383 + 2084. Suppose 1464 + b = u + 4*x, 4 = 4*x. Is u prime?
True
Let r(b) = b**2 - 10*b + 11. Let q be r(9). Let l be -21*q/4*-40. Suppose 0 = -2*a + 2270 + l. Is a a prime number?
False
Suppose -4*z + 15*v = 17*v - 78, -3*z + 62 = -2*v. Is (z/(-30))/(2/6299)*-3 a prime number?
True
Suppose -w + 923*c - 921*c + 228399 = 0, 2*w - 456828 = -2*c. Is w composite?
False
Let w(u) = 13770*u - 607. Is w(2) composite?
True
Suppose -8*l = 10*l + 9*l. Suppose -3*u + 3 = l, -5*r + 4*r + 2*u + 3905 = 0. Is r a prime number?
True
Suppose 5*l = -3*j + 3203843, 27*j - 3*l - 2135908 = 25*j. Is j a composite number?
False
Suppose 5*w - 26889 = 2*a + a, -5*a = 15. Suppose 6695 = 5*l - 5*t, 4*l = -0*t - t + w. Suppose -7*n + 5*n = k - l, -k = 3*n - 2017. Is n a composite number?
True
Let k(f) = 5*f + 69. Let j be k(-13). Suppose 2*m = -4*o + j*m + 34872, -5*m + 34886 = 4*o. Is o a composite number?
False
Let q = -13372 + 56166. Is q composite?
True
Let x(c) = 5*c + 3. Let p(m) = m**3 + 4*m**2 + 2*m + 8. Let l be p(-4). Let s be x(l). Suppose -33 = 4*d - 13, s*d - 2690 = -k. Is k a composite number?
True
Suppose -2*c = -c - 1285. Let d = -2300 - -1408. Let p = d + c. Is p prime?
False
Let p(l) = -18395*l - 2727. Is p(-2) prime?
False
Let m(x) = 3*x**2 + 5*x + 4695. Let w(t) = 7*t**2 + 10*t + 9392. Let z(o) = 5*m(o) - 2*w(o). Is z(0) a prime number?
True
Let z(m) = 14885*m + 10. Let y be z(2). Let w be y/(-30)*6/(-4). Suppose 0*p + 2*p = 3*s + 3013, -2*s + w = p. Is p a composite number?
False
Suppose 126*l = 135*l - 7061157. Is l a composite number?
False
Suppose -2*d - 3*c - 851 = 0, -3*d = -6*d - 4*c - 1278. Let g = d - -1268. Suppose 2*o - 4572 = g. Is o composite?
True
Let a(z) = -37*z - 79. Let r be a(-2). Is 0 + (-45)/r - -17330 a prime number?
False
Let x be (12/9)/(14/3)*21. Suppose 5*h = t + 216178, x*h + 2*t + 86476 = 8*h. Is h a prime number?
False
Let t(m) = -13636*m + 3719. Is t(-5) a composite number?
False
Suppose 7*m - 3 = 4. Let u be m/(-2) - ((-17)/(-2) + -1). Let s(l) = 5*l**2 + 13*l - 3. Is s(u) a prime number?
False
Let a(w) = w**3 + 3*w**2 - 9*w + 10. Let n be a(-5). Is 12/10 + 12559/n prime?
False
Suppose -u = c - 2266586, u = 4*c - 402925 - 8663444. Is c prime?
True
Let w = -2116546 + 3199499. Is w a composite number?
True
Suppose -4*z + 725463 = -45*k + 50*k, -4*z = -8. Is k a composite number?
False
Let g = -96564 + 217793. Is g prime?
True
Let u be 3 + 1/2*16/2. Let r(n) = -n**2 + 10*n - 11. Let k be r(u). Is 2*(-5)/(k/(-521)) prime?
True
Suppose 0*o - 138 = -4*o + 3*a, -5*a - 62 = -2*o. Is (-3)/1*3/(o/(-22324)) prime?
True
Let y = 3448 - 1165. Suppose 9*a - 11637 = 124 - 655. Let o = y - a. Is o composite?
False
Suppose 278*n - 159301598 = 130795016. Is n a prime number?
True
Suppose 410*q - 466600 = 370*q. Is q a composite number?
True
Suppose 4*c = 269 + 2579. Let o(q) = -q + 243. Let t be o(0). Suppose -c = -y + t. Is y prime?
False
Let f(c) = 1030*c - 168. Let b(n) = -514*n + 85. Let m(q) = -5*b(q) - 2*f(q). Is m(12) composite?
True
Let s be 1/(0 - (1 + 0)). Let v = -2850 - -2858. Is 10890/v + s/4 a composite number?
False
Let h = -65330 - -96980. Suppose -4*f + h = 5*w, -6*w - f + 18983 = -3*w. Is w a composite number?
True
Let r = 939 - 291. Suppose 21*d - 7647 = r. Is d a prime number?
False
Let r = 608 + -421. Let f = r - 81. Is f prime?
False
Let p(o) = 3397*o + 87. Is p(34) a prime number?
False
Let b = -1170 - -2588. Let u = b - 917. Suppose -2*l - u = -n, -10 + 0 = 5*l. Is n composite?
True
Let u = -20295 - -29042. Is u a composite number?
False
Let c = 29873 - -1828. Is c a composite number?
True
Let y(u) = -9